{"id":2582,"date":"2021-09-08T21:40:27","date_gmt":"2021-09-08T21:40:27","guid":{"rendered":"https:\/\/contrapesouruguay.org\/?page_id=2582"},"modified":"2021-09-08T21:41:54","modified_gmt":"2021-09-08T21:41:54","slug":"ops-y-su-rol","status":"publish","type":"page","link":"https:\/\/contrapesouruguay.org\/index.php\/ops-y-su-rol\/","title":{"rendered":"OPS y su rol&#8230;"},"content":{"rendered":"\t\t<div data-elementor-type=\"wp-page\" data-elementor-id=\"2582\" class=\"elementor elementor-2582\">\n\t\t\t\t\t\t<section class=\"elementor-section elementor-top-section elementor-element elementor-element-65e38d2 elementor-section-boxed elementor-section-height-default elementor-section-height-default\" data-id=\"65e38d2\" data-element_type=\"section\" data-e-type=\"section\">\n\t\t\t\t\t\t<div class=\"elementor-container elementor-column-gap-default\">\n\t\t\t\t\t<div class=\"elementor-column elementor-col-100 elementor-top-column elementor-element elementor-element-27477b7\" data-id=\"27477b7\" data-element_type=\"column\" data-e-type=\"column\">\n\t\t\t<div class=\"elementor-widget-wrap elementor-element-populated\">\n\t\t\t\t\t\t<div class=\"elementor-element elementor-element-1adcccb elementor-widget elementor-widget-image\" data-id=\"1adcccb\" data-element_type=\"widget\" data-e-type=\"widget\" data-widget_type=\"image.default\">\n\t\t\t\t<div class=\"elementor-widget-container\">\n\t\t\t\t\t\t\t\t\t\t\t\t\t\t\t<img fetchpriority=\"high\" decoding=\"async\" width=\"300\" height=\"300\" src=\"https:\/\/contrapesouruguay.org\/wp-content\/uploads\/2020\/09\/foto10.jpg\" class=\"attachment-medium size-medium wp-image-2535\" alt=\"\" srcset=\"https:\/\/contrapesouruguay.org\/wp-content\/uploads\/2020\/09\/foto10.jpg 300w, https:\/\/contrapesouruguay.org\/wp-content\/uploads\/2020\/09\/foto10-150x150.jpg 150w\" sizes=\"(max-width: 300px) 100vw, 300px\" \/>\t\t\t\t\t\t\t\t\t\t\t\t\t\t\t<\/div>\n\t\t\t\t<\/div>\n\t\t\t\t\t<\/div>\n\t\t<\/div>\n\t\t\t\t\t<\/div>\n\t\t<\/section>\n\t\t\t\t<section class=\"elementor-section elementor-top-section elementor-element elementor-element-4f8685d elementor-section-boxed elementor-section-height-default elementor-section-height-default\" data-id=\"4f8685d\" data-element_type=\"section\" data-e-type=\"section\">\n\t\t\t\t\t\t<div class=\"elementor-container elementor-column-gap-default\">\n\t\t\t\t\t<div class=\"elementor-column elementor-col-100 elementor-top-column elementor-element elementor-element-415bcda\" data-id=\"415bcda\" data-element_type=\"column\" data-e-type=\"column\">\n\t\t\t<div class=\"elementor-widget-wrap elementor-element-populated\">\n\t\t\t\t\t\t<div class=\"elementor-element elementor-element-3508da7 elementor-widget elementor-widget-text-editor\" data-id=\"3508da7\" data-element_type=\"widget\" data-e-type=\"widget\" data-widget_type=\"text-editor.default\">\n\t\t\t\t<div class=\"elementor-widget-container\">\n\t\t\t\t\t\t\t\t\t<div data-original-attrs=\"{&quot;style&quot;:&quot;&quot;}\"><span data-keep-original-tag=\"false\" data-original-attrs=\"{&quot;style&quot;:&quot;&quot;,&quot;face&quot;:&quot;Arial, Helvetica, sans-serif&quot;}\">La obesidad ha alcanzado proporciones epid\u00e9micas a nivel mundial. Cada a\u00f1o mueren, como m\u00ednimo,\u00a0<b>2.6 millones de personas a causa de la obesidad o sobrepeso<\/b>. En 2008, 1500 millones de adultos (de 20 y m\u00e1s a\u00f1os) ten\u00edan sobrepeso. Dentro de este grupo,\u00a0<b>m\u00e1s de 200 millones de hombres y cerca de 300 millones de mujeres eran obesos<\/b>.<\/span><\/div><div data-original-attrs=\"{&quot;style&quot;:&quot;&quot;}\"><span data-keep-original-tag=\"false\" data-original-attrs=\"{&quot;style&quot;:&quot;&quot;,&quot;face&quot;:&quot;Arial, Helvetica, sans-serif&quot;}\">\u00a0<\/span><\/div><div data-original-attrs=\"{&quot;style&quot;:&quot;&quot;}\"><span data-keep-original-tag=\"false\" data-original-attrs=\"{&quot;style&quot;:&quot;&quot;,&quot;face&quot;:&quot;Arial, Helvetica, sans-serif&quot;}\">Para frenar la epidemia mundial de obesidad es necesaria una estrategia poblacional, multisectorial, multidisciplinaria y adaptada al entorno cultural. El\u00a0<b>Plan de Acci\u00f3n de la Estrategia Mundial para la Prevenci\u00f3n y el Control de las Enfermedades Cr\u00f3nicas<\/b>, se\u00f1ala una ruta para el establecimiento y fortalecimiento de iniciativas de vigilancia, prevenci\u00f3n y tratamiento de las enfermedades no transmisibles,\u00a0<b>entre ellas la obesidad<\/b>.<\/span><\/div><div data-original-attrs=\"{&quot;style&quot;:&quot;&quot;}\"><span data-keep-original-tag=\"false\" data-original-attrs=\"{&quot;style&quot;:&quot;&quot;,&quot;face&quot;:&quot;Arial, Helvetica, sans-serif&quot;}\">\u00a0<\/span><\/div><div data-original-attrs=\"{&quot;style&quot;:&quot;&quot;}\"><span data-keep-original-tag=\"false\" data-original-attrs=\"{&quot;style&quot;:&quot;&quot;,&quot;face&quot;:&quot;Arial, Helvetica, sans-serif&quot;}\">La\u00a0<b>Organizaci\u00f3n Panamericana de la Salud (OPS)<\/b>\u00a0destac\u00f3 la importancia de un\u00a0<b>Plan\u00a0<\/b>aprobado por ministros de salud de las Am\u00e9ricas para\u00a0<b>combatir la obesidad en la ni\u00f1ez y la adolescencia<\/b>.<\/span><\/div><div data-original-attrs=\"{&quot;style&quot;:&quot;&quot;}\"><span data-keep-original-tag=\"false\" data-original-attrs=\"{&quot;style&quot;:&quot;&quot;,&quot;face&quot;:&quot;Arial, Helvetica, sans-serif&quot;}\">\u00a0<\/span><\/div><div data-original-attrs=\"{&quot;style&quot;:&quot;&quot;}\"><span data-keep-original-tag=\"false\" data-original-attrs=\"{&quot;style&quot;:&quot;&quot;,&quot;face&quot;:&quot;Arial, Helvetica, sans-serif&quot;}\">El\u00a0<b>Plan de cinco a\u00f1os de duraci\u00f3n<\/b>\u00a0plantea, entre otras cosas, promover la lactancia materna, adem\u00e1s de\u00a0<b>alimentos m\u00e1s saludables<\/b>\u00a0y mayor\u00a0<b>actividad f\u00edsica<\/b>\u00a0en las escuelas.\u00a0<\/span><\/div><div data-original-attrs=\"{&quot;style&quot;:&quot;&quot;}\"><span data-keep-original-tag=\"false\" data-original-attrs=\"{&quot;style&quot;:&quot;&quot;,&quot;face&quot;:&quot;Arial, Helvetica, sans-serif&quot;}\"><b>\u00a0<\/b><\/span><\/div><div data-original-attrs=\"{&quot;style&quot;:&quot;&quot;}\"><span data-keep-original-tag=\"false\" data-original-attrs=\"{&quot;style&quot;:&quot;&quot;,&quot;face&quot;:&quot;Arial, Helvetica, sans-serif&quot;}\"><b>Tambi\u00e9n sugiere aumentar los impuestos a la comida chatarra y restringir su comercializaci\u00f3n.\u00a0<\/b><\/span><\/div><div data-original-attrs=\"{&quot;style&quot;:&quot;&quot;}\"><span data-keep-original-tag=\"false\" data-original-attrs=\"{&quot;style&quot;:&quot;&quot;,&quot;face&quot;:&quot;Arial, Helvetica, sans-serif&quot;}\">\u00a0<\/span><\/div><div data-original-attrs=\"{&quot;style&quot;:&quot;&quot;}\"><span data-keep-original-tag=\"false\" data-original-attrs=\"{&quot;style&quot;:&quot;&quot;,&quot;face&quot;:&quot;Arial, Helvetica, sans-serif&quot;}\">Seg\u00fan datos de la\u00a0<b>OPS\u00a0<\/b>el sobrepeso y la obesidad afectan del\u00a0<b>20% al 25% de los menores de 19 a\u00f1os en Am\u00e9rica Latina<\/b>\u00a0y a\u00a0<b>un tercio de los ni\u00f1os<\/b>\u00a0<b>y adolescentes<\/b>\u00a0de entre 6 y 19 a\u00f1os en los Estados Unidos.<\/span><\/div><div data-original-attrs=\"{&quot;style&quot;:&quot;&quot;}\"><span data-keep-original-tag=\"false\" data-original-attrs=\"{&quot;style&quot;:&quot;&quot;,&quot;face&quot;:&quot;Arial, Helvetica, sans-serif&quot;}\">\u00a0<\/span><\/div><div data-original-attrs=\"{&quot;style&quot;:&quot;&quot;}\"><span data-keep-original-tag=\"false\" data-original-attrs=\"{&quot;style&quot;:&quot;&quot;,&quot;face&quot;:&quot;Arial, Helvetica, sans-serif&quot;}\">Los factores principales que impulsan ese problema son el\u00a0<b>consumo excesivo de alimentos procesados<\/b>, as\u00ed como\u00a0<b>las bebidas azucaradas<\/b>\u00a0y los\u00a0<b>bajos niveles de actividad f\u00edsica<\/b>.\u00a0<\/span><\/div><div data-original-attrs=\"{&quot;style&quot;:&quot;&quot;}\"><\/div><div data-original-attrs=\"{&quot;style&quot;:&quot;&quot;}\"><span data-keep-original-tag=\"false\" data-original-attrs=\"{&quot;style&quot;:&quot;&quot;,&quot;face&quot;:&quot;Arial, Helvetica, sans-serif&quot;}\">El\u00a0<b>Plan\u00a0<\/b>fue aprobado recientemente durante la sesi\u00f3n anual del\u00a0<b>Consejo Directivo de la OPS\u00a0<\/b>reunido en Washington D.C.<\/span><\/div>\t\t\t\t\t\t\t\t<\/div>\n\t\t\t\t<\/div>\n\t\t\t\t\t<\/div>\n\t\t<\/div>\n\t\t\t\t\t<\/div>\n\t\t<\/section>\n\t\t\t\t<\/div>\n\t\t","protected":false},"excerpt":{"rendered":"<p>La obesidad ha alcanzado proporciones epid\u00e9micas a nivel mundial. Cada a\u00f1o mueren, como m\u00ednimo,\u00a02.6 millones de personas a causa de la obesidad o sobrepeso. En 2008, 1500 millones de adultos (de 20 y m\u00e1s a\u00f1os) ten\u00edan sobrepeso. Dentro de este grupo,\u00a0m\u00e1s de 200 millones de hombres y cerca de 300 [&hellip;]<\/p>\n","protected":false},"author":1,"featured_media":0,"parent":0,"menu_order":0,"comment_status":"closed","ping_status":"closed","template":"","meta":{"footnotes":""},"class_list":["post-2582","page","type-page","status-publish","hentry"],"_links":{"self":[{"href":"https:\/\/contrapesouruguay.org\/index.php\/wp-json\/wp\/v2\/pages\/2582","targetHints":{"allow":["GET"]}}],"collection":[{"href":"https:\/\/contrapesouruguay.org\/index.php\/wp-json\/wp\/v2\/pages"}],"about":[{"href":"https:\/\/contrapesouruguay.org\/index.php\/wp-json\/wp\/v2\/types\/page"}],"author":[{"embeddable":true,"href":"https:\/\/contrapesouruguay.org\/index.php\/wp-json\/wp\/v2\/users\/1"}],"replies":[{"embeddable":true,"href":"https:\/\/contrapesouruguay.org\/index.php\/wp-json\/wp\/v2\/comments?post=2582"}],"version-history":[{"count":4,"href":"https:\/\/contrapesouruguay.org\/index.php\/wp-json\/wp\/v2\/pages\/2582\/revisions"}],"predecessor-version":[{"id":2586,"href":"https:\/\/contrapesouruguay.org\/index.php\/wp-json\/wp\/v2\/pages\/2582\/revisions\/2586"}],"wp:attachment":[{"href":"https:\/\/contrapesouruguay.org\/index.php\/wp-json\/wp\/v2\/media?parent=2582"}],"curies":[{"name":"wp","href":"https:\/\/api.w.org\/{rel}","templated":true}]}}