{"id":2669,"date":"2021-09-09T15:04:47","date_gmt":"2021-09-09T15:04:47","guid":{"rendered":"https:\/\/contrapesouruguay.org\/?page_id=2669"},"modified":"2021-09-09T15:17:41","modified_gmt":"2021-09-09T15:17:41","slug":"nosotros","status":"publish","type":"page","link":"https:\/\/contrapesouruguay.org\/index.php\/nosotros\/","title":{"rendered":"Nosotros"},"content":{"rendered":"\t\t<div data-elementor-type=\"wp-page\" data-elementor-id=\"2669\" class=\"elementor elementor-2669\">\n\t\t\t\t\t\t<section class=\"elementor-section elementor-top-section elementor-element elementor-element-17513b0 elementor-section-boxed elementor-section-height-default elementor-section-height-default\" data-id=\"17513b0\" data-element_type=\"section\" data-e-type=\"section\">\n\t\t\t\t\t\t<div class=\"elementor-container elementor-column-gap-default\">\n\t\t\t\t\t<div class=\"elementor-column elementor-col-100 elementor-top-column elementor-element elementor-element-71a720f\" data-id=\"71a720f\" data-element_type=\"column\" data-e-type=\"column\">\n\t\t\t<div class=\"elementor-widget-wrap elementor-element-populated\">\n\t\t\t\t\t\t<div class=\"elementor-element elementor-element-38588eb elementor-widget elementor-widget-image\" data-id=\"38588eb\" data-element_type=\"widget\" data-e-type=\"widget\" data-widget_type=\"image.default\">\n\t\t\t\t<div class=\"elementor-widget-container\">\n\t\t\t\t\t\t\t\t\t\t\t\t\t\t\t<img decoding=\"async\" width=\"300\" height=\"105\" src=\"https:\/\/contrapesouruguay.org\/wp-content\/uploads\/2021\/08\/cropped-LOGO-CONTRAPESOclaro-300x105.png\" class=\"attachment-medium size-medium wp-image-2493\" alt=\"\" srcset=\"https:\/\/contrapesouruguay.org\/wp-content\/uploads\/2021\/08\/cropped-LOGO-CONTRAPESOclaro-300x105.png 300w, https:\/\/contrapesouruguay.org\/wp-content\/uploads\/2021\/08\/cropped-LOGO-CONTRAPESOclaro-1024x360.png 1024w, https:\/\/contrapesouruguay.org\/wp-content\/uploads\/2021\/08\/cropped-LOGO-CONTRAPESOclaro-768x270.png 768w, https:\/\/contrapesouruguay.org\/wp-content\/uploads\/2021\/08\/cropped-LOGO-CONTRAPESOclaro.png 1431w\" sizes=\"(max-width: 300px) 100vw, 300px\" \/>\t\t\t\t\t\t\t\t\t\t\t\t\t\t\t<\/div>\n\t\t\t\t<\/div>\n\t\t\t\t\t<\/div>\n\t\t<\/div>\n\t\t\t\t\t<\/div>\n\t\t<\/section>\n\t\t\t\t<section class=\"elementor-section elementor-top-section elementor-element elementor-element-aa01d28 elementor-section-boxed elementor-section-height-default elementor-section-height-default\" data-id=\"aa01d28\" data-element_type=\"section\" data-e-type=\"section\">\n\t\t\t\t\t\t<div class=\"elementor-container elementor-column-gap-default\">\n\t\t\t\t\t<div class=\"elementor-column elementor-col-100 elementor-top-column elementor-element elementor-element-1428a7f\" data-id=\"1428a7f\" data-element_type=\"column\" data-e-type=\"column\">\n\t\t\t<div class=\"elementor-widget-wrap elementor-element-populated\">\n\t\t\t\t\t\t<div class=\"elementor-element elementor-element-1a5f094 elementor-widget elementor-widget-text-editor\" data-id=\"1a5f094\" data-element_type=\"widget\" data-e-type=\"widget\" data-widget_type=\"text-editor.default\">\n\t\t\t\t<div class=\"elementor-widget-container\">\n\t\t\t\t\t\t\t\t\t<div data-original-attrs=\"{\" :=\"\"><div class=\"separator\" data-original-attrs=\"{\" :=\"\"><span data-keep-original-tag=\"false\" data-original-attrs=\"{\" :=\"\" face=\"\" arial=\"\" helvetica=\"\" sans-serif=\"\">La Organizaci\u00f3n de la Sociedad Civil\u00a0<\/span><b data-original-attrs=\"{\">Contrapeso Uruguay<\/b><span data-keep-original-tag=\"false\" data-original-attrs=\"{\" :=\"\" face=\"\" arial=\"\" helvetica=\"\" sans-serif=\"\">\u00a0est\u00e1 integrada por t\u00e9cnicos del \u00e1rea (nutrici\u00f3n, pediatr\u00eda, psicolog\u00eda, entre otros) y tambi\u00e9n por personas de otras \u00e1reas que vivieron y en algunos casos, a\u00fan viven esta enfermedad, a nivel personal o en su entorno familiar<\/span><\/div><\/div><div data-original-attrs=\"{\" :=\"\"><span data-keep-original-tag=\"false\" data-original-attrs=\"{\" face=\"\" :=\"\" arial=\"\" helvetica=\"\" sans-serif=\"\">\u00a0<\/span><\/div><div data-original-attrs=\"{\" :=\"\"><span data-keep-original-tag=\"false\" data-original-attrs=\"{\" face=\"\" :=\"\" arial=\"\" helvetica=\"\" sans-serif=\"\">Estamos preocupados por la epidemia de sobrepeso y obesidad en la regi\u00f3n y m\u00e1s espec\u00edficamente en el\u00a0<b>Uruguay<\/b><\/span><\/div><div data-original-attrs=\"{\" :=\"\">\u00a0 \u00a0<\/div>\t\t\t\t\t\t\t\t<\/div>\n\t\t\t\t<\/div>\n\t\t\t\t\t<\/div>\n\t\t<\/div>\n\t\t\t\t\t<\/div>\n\t\t<\/section>\n\t\t\t\t<section class=\"elementor-section elementor-top-section elementor-element elementor-element-f791cdf elementor-section-boxed elementor-section-height-default elementor-section-height-default\" data-id=\"f791cdf\" data-element_type=\"section\" data-e-type=\"section\">\n\t\t\t\t\t\t<div class=\"elementor-container elementor-column-gap-default\">\n\t\t\t\t\t<div class=\"elementor-column elementor-col-100 elementor-top-column elementor-element elementor-element-985c94e\" data-id=\"985c94e\" data-element_type=\"column\" data-e-type=\"column\">\n\t\t\t<div class=\"elementor-widget-wrap elementor-element-populated\">\n\t\t\t\t\t\t<div class=\"elementor-element elementor-element-3a7488a elementor-widget elementor-widget-image\" data-id=\"3a7488a\" data-element_type=\"widget\" data-e-type=\"widget\" data-widget_type=\"image.default\">\n\t\t\t\t<div class=\"elementor-widget-container\">\n\t\t\t\t\t\t\t\t\t\t\t\t\t\t\t<img decoding=\"async\" width=\"150\" height=\"150\" src=\"https:\/\/contrapesouruguay.org\/wp-content\/uploads\/2021\/09\/fotocarlos23-150x150.jpg\" class=\"attachment-thumbnail size-thumbnail wp-image-2671\" alt=\"\" srcset=\"https:\/\/contrapesouruguay.org\/wp-content\/uploads\/2021\/09\/fotocarlos23-150x150.jpg 150w, https:\/\/contrapesouruguay.org\/wp-content\/uploads\/2021\/09\/fotocarlos23.jpg 300w\" sizes=\"(max-width: 150px) 100vw, 150px\" \/>\t\t\t\t\t\t\t\t\t\t\t\t\t\t\t<\/div>\n\t\t\t\t<\/div>\n\t\t\t\t\t<\/div>\n\t\t<\/div>\n\t\t\t\t\t<\/div>\n\t\t<\/section>\n\t\t\t\t<section class=\"elementor-section elementor-top-section elementor-element elementor-element-0879c00 elementor-section-boxed elementor-section-height-default elementor-section-height-default\" data-id=\"0879c00\" data-element_type=\"section\" data-e-type=\"section\">\n\t\t\t\t\t\t<div class=\"elementor-container elementor-column-gap-default\">\n\t\t\t\t\t<div class=\"elementor-column elementor-col-100 elementor-top-column elementor-element elementor-element-6f5bd2a\" data-id=\"6f5bd2a\" data-element_type=\"column\" data-e-type=\"column\">\n\t\t\t<div class=\"elementor-widget-wrap elementor-element-populated\">\n\t\t\t\t\t\t<div class=\"elementor-element elementor-element-6d75a81 elementor-widget elementor-widget-text-editor\" data-id=\"6d75a81\" data-element_type=\"widget\" data-e-type=\"widget\" data-widget_type=\"text-editor.default\">\n\t\t\t\t<div class=\"elementor-widget-container\">\n\t\t\t\t\t\t\t\t\t<div data-original-attrs=\"{\" style=\"text-align: center;\" :=\"\"><hr \/><p>Por informaci\u00f3n adicional, dirigirse a su representante legal:<\/p><\/div><div data-original-attrs=\"{\" style=\"text-align: center;\" :=\"\"><strong>Carlos Oroniel RODR\u00cdGUEZ<\/strong><\/div><div data-original-attrs=\"{\" style=\"text-align: center;\" :=\"\">+598 2 93 380491<\/div>\t\t\t\t\t\t\t\t<\/div>\n\t\t\t\t<\/div>\n\t\t\t\t\t<\/div>\n\t\t<\/div>\n\t\t\t\t\t<\/div>\n\t\t<\/section>\n\t\t\t\t<\/div>\n\t\t","protected":false},"excerpt":{"rendered":"<p>La Organizaci\u00f3n de la Sociedad Civil\u00a0Contrapeso Uruguay\u00a0est\u00e1 integrada por t\u00e9cnicos del \u00e1rea (nutrici\u00f3n, pediatr\u00eda, psicolog\u00eda, entre otros) y tambi\u00e9n por personas de otras \u00e1reas que vivieron y en algunos casos, a\u00fan viven esta enfermedad, a nivel personal o en su entorno familiar\u00a0Estamos preocupados por la epidemia de sobrepeso y obesidad [&hellip;]<\/p>\n","protected":false},"author":1,"featured_media":0,"parent":0,"menu_order":0,"comment_status":"closed","ping_status":"closed","template":"","meta":{"footnotes":""},"class_list":["post-2669","page","type-page","status-publish","hentry"],"_links":{"self":[{"href":"https:\/\/contrapesouruguay.org\/index.php\/wp-json\/wp\/v2\/pages\/2669","targetHints":{"allow":["GET"]}}],"collection":[{"href":"https:\/\/contrapesouruguay.org\/index.php\/wp-json\/wp\/v2\/pages"}],"about":[{"href":"https:\/\/contrapesouruguay.org\/index.php\/wp-json\/wp\/v2\/types\/page"}],"author":[{"embeddable":true,"href":"https:\/\/contrapesouruguay.org\/index.php\/wp-json\/wp\/v2\/users\/1"}],"replies":[{"embeddable":true,"href":"https:\/\/contrapesouruguay.org\/index.php\/wp-json\/wp\/v2\/comments?post=2669"}],"version-history":[{"count":16,"href":"https:\/\/contrapesouruguay.org\/index.php\/wp-json\/wp\/v2\/pages\/2669\/revisions"}],"predecessor-version":[{"id":2687,"href":"https:\/\/contrapesouruguay.org\/index.php\/wp-json\/wp\/v2\/pages\/2669\/revisions\/2687"}],"wp:attachment":[{"href":"https:\/\/contrapesouruguay.org\/index.php\/wp-json\/wp\/v2\/media?parent=2669"}],"curies":[{"name":"wp","href":"https:\/\/api.w.org\/{rel}","templated":true}]}}